{"id":10,"date":"2012-11-28T18:08:18","date_gmt":"2012-11-28T17:08:18","guid":{"rendered":"http:\/\/www.rehabilix-centrum.pl\/www\/?page_id=10"},"modified":"2023-03-12T13:57:52","modified_gmt":"2023-03-12T12:57:52","slug":"10-2","status":"publish","type":"page","link":"http:\/\/www.rehabilix-centrum.pl\/?page_id=10","title":{"rendered":"Komputerowe badanie wad postawy"},"content":{"rendered":"<div class=\"wp-block-image\">\n<figure class=\"alignleft\"><a href=\"http:\/\/www.rehabilix-centrum.pl\/www\/wp-content\/uploads\/2012\/11\/kregoslup.jpg\"><img loading=\"lazy\" decoding=\"async\" width=\"179\" height=\"240\" src=\"http:\/\/www.rehabilix-centrum.pl\/www\/wp-content\/uploads\/2012\/11\/kregoslup.jpg\" alt=\"\" class=\"wp-image-11\" title=\"kregoslup\"\/><\/a><\/figure><\/div>\n\n\n<p><\/p>\n\n\n\n<ul class=\"wp-block-list\">\n<li>Aparatura do&nbsp;<strong>komputerowej oceny postawy cia\u0142a<\/strong> systemu MORA jest narz\u0119dziem pozwalaj\u0105cym na nieinwazyjn\u0105, dok\u0142adn\u0105 i obiektywn\u0105 diagnostyk\u0119 postawy cia\u0142a, \u0142\u0105cz\u0105c\u0105 zalety system\u00f3w analizy przestrzennej typu MORA\/ISIS i laboratori\u00f3w analizy ruchu\/chodu opartych na markerach.<\/li>\n\n\n\n<li>Urz\u0105dzenie pracuje w oparciu o metod\u0119 fotogrametryczn\u0105 z wykorzystaniem\u00a0<strong>zjawiska<\/strong>\u00a0<strong>Moire&#8217;a,<\/strong> kt\u00f3ra jest rekomendowana przez specjalist\u00f3w <strong>fizjoterapii, rehabilitacji i ortopedii<\/strong>, w wielu wypadkach eliminuj\u0105c prze\u015bwietlenia rentgenowskie. W skr\u00f3cie polega ona na wykonaniu kamer\u0105 wideo komputerowej fotografii. Dzi\u0119ki specjalnemu systemowi optycznemu komputer wyznacza tr\u00f3jwymiarowy obraz plec\u00f3w i dok\u0142adnie analizuje ponad 50 parametr\u00f3w w p\u0142aszczy\u017anie czo\u0142owej\u00a0i strza\u0142kowej. Du\u017ca dok\u0142adno\u015b\u0107 pomiaru daje mo\u017cliwo\u015b\u0107 wczesnego zauwa\u017cenia wad w pocz\u0105tkowym etapie ich rozwoju u dzieci jak i\u00a0 os\u00f3b doros\u0142ych.<\/li>\n<\/ul>\n\n\n\n<p>Przyk\u0142adowe wyniki\/opisy:<\/p>\n\n\n\n<figure class=\"wp-block-gallery has-nested-images columns-default is-cropped wp-block-gallery-1 is-layout-flex wp-block-gallery-is-layout-flex\">\n<figure class=\"wp-block-image size-large\"><a href=\"http:\/\/www.rehabilix-centrum.pl\/www\/wp-content\/uploads\/2013\/09\/opis_badania_wad_postawy_2.jpg\"><img loading=\"lazy\" decoding=\"async\" width=\"744\" height=\"1024\" data-id=\"211\" src=\"http:\/\/www.rehabilix-centrum.pl\/www\/wp-content\/uploads\/2013\/09\/opis_badania_wad_postawy_2-744x1024.jpg\" alt=\"\" class=\"wp-image-211\" srcset=\"http:\/\/www.rehabilix-centrum.pl\/www\/wp-content\/uploads\/2013\/09\/opis_badania_wad_postawy_2-744x1024.jpg 744w, http:\/\/www.rehabilix-centrum.pl\/www\/wp-content\/uploads\/2013\/09\/opis_badania_wad_postawy_2-218x300.jpg 218w, http:\/\/www.rehabilix-centrum.pl\/www\/wp-content\/uploads\/2013\/09\/opis_badania_wad_postawy_2-946x1301.jpg 946w, http:\/\/www.rehabilix-centrum.pl\/www\/wp-content\/uploads\/2013\/09\/opis_badania_wad_postawy_2.jpg 1700w\" sizes=\"auto, (max-width: 706px) 89vw, (max-width: 767px) 82vw, 740px\" \/><\/a><\/figure>\n\n\n\n<figure class=\"wp-block-image size-large\"><a href=\"http:\/\/www.rehabilix-centrum.pl\/www\/wp-content\/uploads\/2013\/09\/opis_badania_wad_postawy_1.jpg\"><img loading=\"lazy\" decoding=\"async\" width=\"744\" height=\"1024\" data-id=\"210\" src=\"http:\/\/www.rehabilix-centrum.pl\/www\/wp-content\/uploads\/2013\/09\/opis_badania_wad_postawy_1-744x1024.jpg\" alt=\"\" class=\"wp-image-210\" srcset=\"http:\/\/www.rehabilix-centrum.pl\/www\/wp-content\/uploads\/2013\/09\/opis_badania_wad_postawy_1-744x1024.jpg 744w, http:\/\/www.rehabilix-centrum.pl\/www\/wp-content\/uploads\/2013\/09\/opis_badania_wad_postawy_1-218x300.jpg 218w, http:\/\/www.rehabilix-centrum.pl\/www\/wp-content\/uploads\/2013\/09\/opis_badania_wad_postawy_1-946x1301.jpg 946w, http:\/\/www.rehabilix-centrum.pl\/www\/wp-content\/uploads\/2013\/09\/opis_badania_wad_postawy_1.jpg 1700w\" sizes=\"auto, (max-width: 706px) 89vw, (max-width: 767px) 82vw, 740px\" \/><\/a><\/figure>\n<\/figure>\n","protected":false},"excerpt":{"rendered":"<p>Przyk\u0142adowe wyniki\/opisy:<\/p>\n","protected":false},"author":1,"featured_media":0,"parent":8,"menu_order":0,"comment_status":"open","ping_status":"open","template":"","meta":{"footnotes":""},"class_list":["post-10","page","type-page","status-publish","hentry"],"_links":{"self":[{"href":"http:\/\/www.rehabilix-centrum.pl\/index.php?rest_route=\/wp\/v2\/pages\/10","targetHints":{"allow":["GET"]}}],"collection":[{"href":"http:\/\/www.rehabilix-centrum.pl\/index.php?rest_route=\/wp\/v2\/pages"}],"about":[{"href":"http:\/\/www.rehabilix-centrum.pl\/index.php?rest_route=\/wp\/v2\/types\/page"}],"author":[{"embeddable":true,"href":"http:\/\/www.rehabilix-centrum.pl\/index.php?rest_route=\/wp\/v2\/users\/1"}],"replies":[{"embeddable":true,"href":"http:\/\/www.rehabilix-centrum.pl\/index.php?rest_route=%2Fwp%2Fv2%2Fcomments&post=10"}],"version-history":[{"count":10,"href":"http:\/\/www.rehabilix-centrum.pl\/index.php?rest_route=\/wp\/v2\/pages\/10\/revisions"}],"predecessor-version":[{"id":891,"href":"http:\/\/www.rehabilix-centrum.pl\/index.php?rest_route=\/wp\/v2\/pages\/10\/revisions\/891"}],"up":[{"embeddable":true,"href":"http:\/\/www.rehabilix-centrum.pl\/index.php?rest_route=\/wp\/v2\/pages\/8"}],"wp:attachment":[{"href":"http:\/\/www.rehabilix-centrum.pl\/index.php?rest_route=%2Fwp%2Fv2%2Fmedia&parent=10"}],"curies":[{"name":"wp","href":"https:\/\/api.w.org\/{rel}","templated":true}]}}