{"id":106,"date":"2012-12-01T17:31:25","date_gmt":"2012-12-01T16:31:25","guid":{"rendered":"http:\/\/www.rehabilix-centrum.pl\/www\/?page_id=106"},"modified":"2023-03-12T13:55:33","modified_gmt":"2023-03-12T12:55:33","slug":"komputerowe-badanie-stop-nowosc","status":"publish","type":"page","link":"http:\/\/www.rehabilix-centrum.pl\/?page_id=106","title":{"rendered":"Komputerowe badanie st\u00f3p"},"content":{"rendered":"\n<p><strong>Komputerowe badanie st\u00f3p&nbsp;<\/strong><\/p>\n\n\n\n<ul class=\"wp-block-list\">\n<li><a href=\"http:\/\/www.rehabilix-centrum.pl\/www\/wp-content\/uploads\/2012\/12\/stopy.gif\"><img loading=\"lazy\" decoding=\"async\" class=\"alignright  wp-image-107\" title=\"wydruk badania \" src=\"http:\/\/www.rehabilix-centrum.pl\/www\/wp-content\/uploads\/2012\/12\/stopy.gif\" alt=\"\" width=\"303\" height=\"304\" srcset=\"http:\/\/www.rehabilix-centrum.pl\/www\/wp-content\/uploads\/2012\/12\/stopy.gif 379w, http:\/\/www.rehabilix-centrum.pl\/www\/wp-content\/uploads\/2012\/12\/stopy-150x150.gif 150w, http:\/\/www.rehabilix-centrum.pl\/www\/wp-content\/uploads\/2012\/12\/stopy-300x300.gif 300w, http:\/\/www.rehabilix-centrum.pl\/www\/wp-content\/uploads\/2012\/12\/stopy-210x210.gif 210w\" sizes=\"auto, (max-width: 303px) 100vw, 303px\" \/><\/a>Aparatura do komputerowej oceny wysklepienia st\u00f3p CQ-ST (dok\u0142adny podoskaner) jest narz\u0119dziem pozwalaj\u0105cym na nieinwazyjn\u0105, dok\u0142adn\u0105<br>i obiektywn\u0105 diagnostyk\u0119 st\u00f3p. Du\u017ca dok\u0142adno\u015b\u0107 pomiaru daje mo\u017cliwo\u015b\u0107 wczesnego zauwa\u017cenia wady stopy w pocz\u0105tkowym etapie jej rozwoju u dzieci jak i doros\u0142ych.<\/li>\n\n\n\n<li>Dzi\u0119ki urz\u0105dzeniu uzyskujemy dok\u0142adn\u0105&nbsp; odbitk\u0119(plantokonturogram)&nbsp; ukszta\u0142towania stopy 2D, a co si\u0119 z tym wi\u0105\u017ce rzeteln\u0105 ocen\u0119 stanu wysklepienia pod\u0142u\u017cnego, ocen\u0119 k\u0105ta ko\u015blawo\u015bci palucha, k\u0105ta szpotawo\u015bci palca.<\/li>\n\n\n\n<li>Badanie wykonywane jest przez specjalist\u0119 w zakresie leczenia\/korygowania nieprawid\u0142owo\u015bci w stopach mgr fizjoterapii, absolwenta licznych kurs\u00f3w po\u015bwi\u0119conych mi\u0119dzy innymi problemom w zaburzeniach motoryki zagadnieniem wad postawy u dzieci i m\u0142odzie\u017cy, sposobem diagnozowania i ich leczeniem.<\/li>\n<\/ul>\n\n\n\n<p>Badania wskazane jest dla dzieci powy\u017cej 3 roku \u017cycia oraz doros\u0142ych.<\/p>\n\n\n\n<p>Przyk\u0142adowe wyniki\/ opisy bada\u0144:<\/p>\n\n\n\n<figure class=\"wp-block-gallery has-nested-images columns-default is-cropped wp-block-gallery-1 is-layout-flex wp-block-gallery-is-layout-flex\">\n<figure class=\"wp-block-image size-large\"><a href=\"http:\/\/www.rehabilix-centrum.pl\/www\/wp-content\/uploads\/2013\/09\/opis_badania_stop_2.jpg\"><img loading=\"lazy\" decoding=\"async\" width=\"744\" height=\"1024\" data-id=\"208\" src=\"http:\/\/www.rehabilix-centrum.pl\/www\/wp-content\/uploads\/2013\/09\/opis_badania_stop_2-744x1024.jpg\" alt=\"\" class=\"wp-image-208\" srcset=\"http:\/\/www.rehabilix-centrum.pl\/www\/wp-content\/uploads\/2013\/09\/opis_badania_stop_2-744x1024.jpg 744w, http:\/\/www.rehabilix-centrum.pl\/www\/wp-content\/uploads\/2013\/09\/opis_badania_stop_2-218x300.jpg 218w, http:\/\/www.rehabilix-centrum.pl\/www\/wp-content\/uploads\/2013\/09\/opis_badania_stop_2-946x1301.jpg 946w\" sizes=\"auto, (max-width: 706px) 89vw, (max-width: 767px) 82vw, 740px\" \/><\/a><\/figure>\n\n\n\n<figure class=\"wp-block-image size-large\"><a href=\"http:\/\/www.rehabilix-centrum.pl\/www\/wp-content\/uploads\/2013\/09\/opis_badania_stop_1.jpg\"><img loading=\"lazy\" decoding=\"async\" width=\"744\" height=\"1024\" data-id=\"209\" src=\"http:\/\/www.rehabilix-centrum.pl\/www\/wp-content\/uploads\/2013\/09\/opis_badania_stop_1-744x1024.jpg\" alt=\"\" class=\"wp-image-209\" srcset=\"http:\/\/www.rehabilix-centrum.pl\/www\/wp-content\/uploads\/2013\/09\/opis_badania_stop_1-744x1024.jpg 744w, http:\/\/www.rehabilix-centrum.pl\/www\/wp-content\/uploads\/2013\/09\/opis_badania_stop_1-218x300.jpg 218w, http:\/\/www.rehabilix-centrum.pl\/www\/wp-content\/uploads\/2013\/09\/opis_badania_stop_1-946x1301.jpg 946w\" sizes=\"auto, (max-width: 706px) 89vw, (max-width: 767px) 82vw, 740px\" \/><\/a><\/figure>\n<\/figure>\n","protected":false},"excerpt":{"rendered":"<p>Komputerowe badanie st\u00f3p&nbsp; Badania wskazane jest dla dzieci powy\u017cej 3 roku \u017cycia oraz doros\u0142ych. Przyk\u0142adowe wyniki\/ opisy bada\u0144:<\/p>\n","protected":false},"author":1,"featured_media":0,"parent":8,"menu_order":2,"comment_status":"open","ping_status":"open","template":"","meta":{"footnotes":""},"class_list":["post-106","page","type-page","status-publish","hentry"],"_links":{"self":[{"href":"http:\/\/www.rehabilix-centrum.pl\/index.php?rest_route=\/wp\/v2\/pages\/106","targetHints":{"allow":["GET"]}}],"collection":[{"href":"http:\/\/www.rehabilix-centrum.pl\/index.php?rest_route=\/wp\/v2\/pages"}],"about":[{"href":"http:\/\/www.rehabilix-centrum.pl\/index.php?rest_route=\/wp\/v2\/types\/page"}],"author":[{"embeddable":true,"href":"http:\/\/www.rehabilix-centrum.pl\/index.php?rest_route=\/wp\/v2\/users\/1"}],"replies":[{"embeddable":true,"href":"http:\/\/www.rehabilix-centrum.pl\/index.php?rest_route=%2Fwp%2Fv2%2Fcomments&post=106"}],"version-history":[{"count":6,"href":"http:\/\/www.rehabilix-centrum.pl\/index.php?rest_route=\/wp\/v2\/pages\/106\/revisions"}],"predecessor-version":[{"id":889,"href":"http:\/\/www.rehabilix-centrum.pl\/index.php?rest_route=\/wp\/v2\/pages\/106\/revisions\/889"}],"up":[{"embeddable":true,"href":"http:\/\/www.rehabilix-centrum.pl\/index.php?rest_route=\/wp\/v2\/pages\/8"}],"wp:attachment":[{"href":"http:\/\/www.rehabilix-centrum.pl\/index.php?rest_route=%2Fwp%2Fv2%2Fmedia&parent=106"}],"curies":[{"name":"wp","href":"https:\/\/api.w.org\/{rel}","templated":true}]}}