{"id":232,"date":"2013-09-12T16:38:26","date_gmt":"2013-09-12T14:38:26","guid":{"rendered":"http:\/\/www.rehabilix-centrum.pl\/?page_id=232"},"modified":"2023-03-12T14:03:19","modified_gmt":"2023-03-12T13:03:19","slug":"przykladowe-opisy","status":"publish","type":"page","link":"http:\/\/www.rehabilix-centrum.pl\/?page_id=232","title":{"rendered":"Przyk\u0142adowe opisy"},"content":{"rendered":"\n<p style=\"font-size:18px;text-transform:none\">Poni\u017cej prezentujemy Pa\u0144stwu przyk\u0142adowe opisy wynik\u00f3w bada\u0144 ortopedycznych, sporz\u0105dzone przez naszych specjalist\u00f3w. Do opisu (je\u017celi stwierdzone s\u0105 odchylenia od normy) do\u0142\u0105czany jest zestaw \u0107wicze\u0144, do stosowania przez Rodzic\u00f3w lub Nauczycieli. Badania&nbsp;powinny pomaga\u0107 korygowa\u0107 stwierdzone b\u0142\u0119dy,&nbsp;dlatego&nbsp;winny by\u0107 szczeg\u00f3\u0142owe i mie\u0107 charakter diagnostyczny.<\/p>\n\n\n\n<p>Badania na macie &#8211; podobarografie w statyce oraz dynamice (chodzie):<\/p>\n\n\n\n<figure class=\"wp-block-gallery has-nested-images columns-default is-cropped wp-block-gallery-1 is-layout-flex wp-block-gallery-is-layout-flex\">\n<figure class=\"wp-block-image size-large\"><a href=\"http:\/\/www.rehabilix-centrum.pl\/www\/wp-content\/uploads\/2023\/03\/statyka2.png\"><img loading=\"lazy\" decoding=\"async\" width=\"1024\" height=\"678\" data-id=\"880\" src=\"http:\/\/www.rehabilix-centrum.pl\/www\/wp-content\/uploads\/2023\/03\/statyka2-1024x678.png\" alt=\"\" class=\"wp-image-880\" srcset=\"http:\/\/www.rehabilix-centrum.pl\/www\/wp-content\/uploads\/2023\/03\/statyka2-1024x678.png 1024w, http:\/\/www.rehabilix-centrum.pl\/www\/wp-content\/uploads\/2023\/03\/statyka2-300x198.png 300w, http:\/\/www.rehabilix-centrum.pl\/www\/wp-content\/uploads\/2023\/03\/statyka2-768x508.png 768w, http:\/\/www.rehabilix-centrum.pl\/www\/wp-content\/uploads\/2023\/03\/statyka2.png 1324w\" sizes=\"auto, (max-width: 767px) 89vw, (max-width: 1000px) 54vw, (max-width: 1071px) 543px, 580px\" \/><\/a><figcaption class=\"wp-element-caption\">badanie w statyce<\/figcaption><\/figure>\n\n\n\n<figure class=\"wp-block-image size-large\"><a href=\"http:\/\/www.rehabilix-centrum.pl\/www\/wp-content\/uploads\/2023\/03\/statyka.jpg\"><img loading=\"lazy\" decoding=\"async\" width=\"1024\" height=\"555\" data-id=\"878\" src=\"http:\/\/www.rehabilix-centrum.pl\/www\/wp-content\/uploads\/2023\/03\/statyka-1024x555.jpg\" alt=\"\" class=\"wp-image-878\" srcset=\"http:\/\/www.rehabilix-centrum.pl\/www\/wp-content\/uploads\/2023\/03\/statyka-1024x555.jpg 1024w, http:\/\/www.rehabilix-centrum.pl\/www\/wp-content\/uploads\/2023\/03\/statyka-300x163.jpg 300w, http:\/\/www.rehabilix-centrum.pl\/www\/wp-content\/uploads\/2023\/03\/statyka-768x416.jpg 768w, http:\/\/www.rehabilix-centrum.pl\/www\/wp-content\/uploads\/2023\/03\/statyka-1536x832.jpg 1536w, http:\/\/www.rehabilix-centrum.pl\/www\/wp-content\/uploads\/2023\/03\/statyka.jpg 1920w\" sizes=\"auto, (max-width: 767px) 89vw, (max-width: 1000px) 54vw, (max-width: 1071px) 543px, 580px\" \/><\/a><\/figure>\n\n\n\n<figure class=\"wp-block-image size-large\"><a href=\"http:\/\/www.rehabilix-centrum.pl\/www\/wp-content\/uploads\/2023\/03\/statyka1.png\"><img loading=\"lazy\" decoding=\"async\" width=\"1024\" height=\"666\" data-id=\"879\" src=\"http:\/\/www.rehabilix-centrum.pl\/www\/wp-content\/uploads\/2023\/03\/statyka1-1024x666.png\" alt=\"\" class=\"wp-image-879\" srcset=\"http:\/\/www.rehabilix-centrum.pl\/www\/wp-content\/uploads\/2023\/03\/statyka1-1024x666.png 1024w, http:\/\/www.rehabilix-centrum.pl\/www\/wp-content\/uploads\/2023\/03\/statyka1-300x195.png 300w, http:\/\/www.rehabilix-centrum.pl\/www\/wp-content\/uploads\/2023\/03\/statyka1-768x499.png 768w, http:\/\/www.rehabilix-centrum.pl\/www\/wp-content\/uploads\/2023\/03\/statyka1.png 1321w\" sizes=\"auto, (max-width: 767px) 89vw, (max-width: 1000px) 54vw, (max-width: 1071px) 543px, 580px\" \/><\/a><\/figure>\n\n\n\n<figure class=\"wp-block-image size-large\"><a href=\"http:\/\/www.rehabilix-centrum.pl\/www\/wp-content\/uploads\/2023\/03\/dynamika1.png\"><img loading=\"lazy\" decoding=\"async\" width=\"1024\" height=\"473\" data-id=\"877\" src=\"http:\/\/www.rehabilix-centrum.pl\/www\/wp-content\/uploads\/2023\/03\/dynamika1-1024x473.png\" alt=\"\" class=\"wp-image-877\" srcset=\"http:\/\/www.rehabilix-centrum.pl\/www\/wp-content\/uploads\/2023\/03\/dynamika1-1024x473.png 1024w, http:\/\/www.rehabilix-centrum.pl\/www\/wp-content\/uploads\/2023\/03\/dynamika1-300x139.png 300w, http:\/\/www.rehabilix-centrum.pl\/www\/wp-content\/uploads\/2023\/03\/dynamika1-768x355.png 768w, http:\/\/www.rehabilix-centrum.pl\/www\/wp-content\/uploads\/2023\/03\/dynamika1-1536x710.png 1536w, http:\/\/www.rehabilix-centrum.pl\/www\/wp-content\/uploads\/2023\/03\/dynamika1.png 1892w\" sizes=\"auto, (max-width: 767px) 89vw, (max-width: 1000px) 54vw, (max-width: 1071px) 543px, 580px\" \/><\/a><\/figure>\n\n\n\n<figure class=\"wp-block-image size-large\"><a href=\"http:\/\/www.rehabilix-centrum.pl\/www\/wp-content\/uploads\/2023\/03\/dynamika.png\"><img loading=\"lazy\" decoding=\"async\" width=\"1024\" height=\"475\" data-id=\"876\" src=\"http:\/\/www.rehabilix-centrum.pl\/www\/wp-content\/uploads\/2023\/03\/dynamika-1024x475.png\" alt=\"\" class=\"wp-image-876\" srcset=\"http:\/\/www.rehabilix-centrum.pl\/www\/wp-content\/uploads\/2023\/03\/dynamika-1024x475.png 1024w, http:\/\/www.rehabilix-centrum.pl\/www\/wp-content\/uploads\/2023\/03\/dynamika-300x139.png 300w, http:\/\/www.rehabilix-centrum.pl\/www\/wp-content\/uploads\/2023\/03\/dynamika-768x356.png 768w, http:\/\/www.rehabilix-centrum.pl\/www\/wp-content\/uploads\/2023\/03\/dynamika-1536x713.png 1536w, http:\/\/www.rehabilix-centrum.pl\/www\/wp-content\/uploads\/2023\/03\/dynamika.png 1894w\" sizes=\"auto, (max-width: 767px) 89vw, (max-width: 1000px) 54vw, (max-width: 1071px) 543px, 580px\" \/><\/a><\/figure>\n<\/figure>\n\n\n\n<p>&nbsp;Badania wad postawy metod\u0105 mory, plus ocena funkcjonalna z testami:<\/p>\n\n\n\n<figure class=\"wp-block-gallery has-nested-images columns-default is-cropped wp-block-gallery-2 is-layout-flex wp-block-gallery-is-layout-flex\">\n<figure class=\"wp-block-image size-large\"><a href=\"http:\/\/www.rehabilix-centrum.pl\/www\/wp-content\/uploads\/2013\/09\/opis_badania_wad_postawy_1.jpg\"><img loading=\"lazy\" decoding=\"async\" width=\"744\" height=\"1024\" data-id=\"210\" src=\"http:\/\/www.rehabilix-centrum.pl\/www\/wp-content\/uploads\/2013\/09\/opis_badania_wad_postawy_1-744x1024.jpg\" alt=\"\" class=\"wp-image-210\" srcset=\"http:\/\/www.rehabilix-centrum.pl\/www\/wp-content\/uploads\/2013\/09\/opis_badania_wad_postawy_1-744x1024.jpg 744w, http:\/\/www.rehabilix-centrum.pl\/www\/wp-content\/uploads\/2013\/09\/opis_badania_wad_postawy_1-218x300.jpg 218w, http:\/\/www.rehabilix-centrum.pl\/www\/wp-content\/uploads\/2013\/09\/opis_badania_wad_postawy_1-946x1301.jpg 946w, http:\/\/www.rehabilix-centrum.pl\/www\/wp-content\/uploads\/2013\/09\/opis_badania_wad_postawy_1.jpg 1700w\" sizes=\"auto, (max-width: 706px) 89vw, (max-width: 767px) 82vw, 740px\" \/><\/a><\/figure>\n\n\n\n<figure class=\"wp-block-image size-large\"><a href=\"http:\/\/www.rehabilix-centrum.pl\/www\/wp-content\/uploads\/2013\/09\/opis_badania_wad_postawy_2.jpg\"><img loading=\"lazy\" decoding=\"async\" width=\"744\" height=\"1024\" data-id=\"211\" src=\"http:\/\/www.rehabilix-centrum.pl\/www\/wp-content\/uploads\/2013\/09\/opis_badania_wad_postawy_2-744x1024.jpg\" alt=\"\" class=\"wp-image-211\" srcset=\"http:\/\/www.rehabilix-centrum.pl\/www\/wp-content\/uploads\/2013\/09\/opis_badania_wad_postawy_2-744x1024.jpg 744w, http:\/\/www.rehabilix-centrum.pl\/www\/wp-content\/uploads\/2013\/09\/opis_badania_wad_postawy_2-218x300.jpg 218w, http:\/\/www.rehabilix-centrum.pl\/www\/wp-content\/uploads\/2013\/09\/opis_badania_wad_postawy_2-946x1301.jpg 946w, http:\/\/www.rehabilix-centrum.pl\/www\/wp-content\/uploads\/2013\/09\/opis_badania_wad_postawy_2.jpg 1700w\" sizes=\"auto, (max-width: 706px) 89vw, (max-width: 767px) 82vw, 740px\" \/><\/a><\/figure>\n<\/figure>\n\n\n\n<!--more-->\n\n\n\n<p>Badania na podoskanerze plus ocena  ko\u0144czyn dolnych:<\/p>\n\n\n\n<figure class=\"wp-block-gallery has-nested-images columns-default is-cropped wp-block-gallery-3 is-layout-flex wp-block-gallery-is-layout-flex\">\n<figure class=\"wp-block-image size-large\"><a href=\"http:\/\/www.rehabilix-centrum.pl\/www\/wp-content\/uploads\/2013\/09\/opis_badania_stop_1.jpg\"><img loading=\"lazy\" decoding=\"async\" width=\"744\" height=\"1024\" data-id=\"209\" src=\"http:\/\/www.rehabilix-centrum.pl\/www\/wp-content\/uploads\/2013\/09\/opis_badania_stop_1-744x1024.jpg\" alt=\"\" class=\"wp-image-209\" srcset=\"http:\/\/www.rehabilix-centrum.pl\/www\/wp-content\/uploads\/2013\/09\/opis_badania_stop_1-744x1024.jpg 744w, http:\/\/www.rehabilix-centrum.pl\/www\/wp-content\/uploads\/2013\/09\/opis_badania_stop_1-218x300.jpg 218w, http:\/\/www.rehabilix-centrum.pl\/www\/wp-content\/uploads\/2013\/09\/opis_badania_stop_1-946x1301.jpg 946w\" sizes=\"auto, (max-width: 706px) 89vw, (max-width: 767px) 82vw, 740px\" \/><\/a><\/figure>\n\n\n\n<figure class=\"wp-block-image size-large\"><a href=\"http:\/\/www.rehabilix-centrum.pl\/www\/wp-content\/uploads\/2013\/09\/opis_badania_stop_2.jpg\"><img loading=\"lazy\" decoding=\"async\" width=\"744\" height=\"1024\" data-id=\"208\" src=\"http:\/\/www.rehabilix-centrum.pl\/www\/wp-content\/uploads\/2013\/09\/opis_badania_stop_2-744x1024.jpg\" alt=\"\" class=\"wp-image-208\" srcset=\"http:\/\/www.rehabilix-centrum.pl\/www\/wp-content\/uploads\/2013\/09\/opis_badania_stop_2-744x1024.jpg 744w, http:\/\/www.rehabilix-centrum.pl\/www\/wp-content\/uploads\/2013\/09\/opis_badania_stop_2-218x300.jpg 218w, http:\/\/www.rehabilix-centrum.pl\/www\/wp-content\/uploads\/2013\/09\/opis_badania_stop_2-946x1301.jpg 946w\" sizes=\"auto, (max-width: 706px) 89vw, (max-width: 767px) 82vw, 740px\" \/><\/a><\/figure>\n<\/figure>\n","protected":false},"excerpt":{"rendered":"<p>Poni\u017cej prezentujemy Pa\u0144stwu przyk\u0142adowe opisy wynik\u00f3w bada\u0144 ortopedycznych, sporz\u0105dzone przez naszych specjalist\u00f3w. Do opisu (je\u017celi stwierdzone s\u0105 odchylenia od normy) do\u0142\u0105czany jest zestaw \u0107wicze\u0144, do stosowania przez Rodzic\u00f3w lub Nauczycieli. Badania&nbsp;powinny pomaga\u0107 korygowa\u0107 stwierdzone b\u0142\u0119dy,&nbsp;dlatego&nbsp;winny by\u0107 szczeg\u00f3\u0142owe i mie\u0107 charakter diagnostyczny. Badania na macie &#8211; podobarografie w statyce oraz dynamice (chodzie): &nbsp;Badania wad postawy metod\u0105 &hellip; <\/p>\n<p class=\"link-more\"><a href=\"http:\/\/www.rehabilix-centrum.pl\/?page_id=232\" class=\"more-link\">Czytaj dalej<span class=\"screen-reader-text\"> \u201ePrzyk\u0142adowe opisy\u201d<\/span><\/a><\/p>\n","protected":false},"author":1,"featured_media":0,"parent":224,"menu_order":0,"comment_status":"open","ping_status":"open","template":"paged-portfolio-one.php","meta":{"footnotes":""},"class_list":["post-232","page","type-page","status-publish","hentry"],"_links":{"self":[{"href":"http:\/\/www.rehabilix-centrum.pl\/index.php?rest_route=\/wp\/v2\/pages\/232","targetHints":{"allow":["GET"]}}],"collection":[{"href":"http:\/\/www.rehabilix-centrum.pl\/index.php?rest_route=\/wp\/v2\/pages"}],"about":[{"href":"http:\/\/www.rehabilix-centrum.pl\/index.php?rest_route=\/wp\/v2\/types\/page"}],"author":[{"embeddable":true,"href":"http:\/\/www.rehabilix-centrum.pl\/index.php?rest_route=\/wp\/v2\/users\/1"}],"replies":[{"embeddable":true,"href":"http:\/\/www.rehabilix-centrum.pl\/index.php?rest_route=%2Fwp%2Fv2%2Fcomments&post=232"}],"version-history":[{"count":18,"href":"http:\/\/www.rehabilix-centrum.pl\/index.php?rest_route=\/wp\/v2\/pages\/232\/revisions"}],"predecessor-version":[{"id":895,"href":"http:\/\/www.rehabilix-centrum.pl\/index.php?rest_route=\/wp\/v2\/pages\/232\/revisions\/895"}],"up":[{"embeddable":true,"href":"http:\/\/www.rehabilix-centrum.pl\/index.php?rest_route=\/wp\/v2\/pages\/224"}],"wp:attachment":[{"href":"http:\/\/www.rehabilix-centrum.pl\/index.php?rest_route=%2Fwp%2Fv2%2Fmedia&parent=232"}],"curies":[{"name":"wp","href":"https:\/\/api.w.org\/{rel}","templated":true}]}}